 be p(q). Give k(x).
-4
Let p = 2 - 2. Let a(y) = -5*y - 20. Let b(j) = -6*j - 22. Let u(n) = 7*a(n) - 6*b(n). Determine u(p).
-8
Let w(x) = -x - 1. Let t(a) = -2*a + 4. Let g be t(4). Let h be 45/24 + g/(-32). Suppose z - 3*s - 6 = 0, -3*z - 5*s = h*z + 10. Give w(z).
-1
Let v be (-2)/9 - (-1826)/198. Let h(s) = 4*s - 4 + v + s**2 + 3*s - 4. What is h(-6)?
-5
Let q be 26/8 + 27/36. Let r(f) = -3*f - f + q*f + 2 - f**2. Give r(-2).
-2
Let n be ((11 - 12) + 1/2)*-6. Let a(c) be the first derivative of 3*c + 1 + 1/2*c**2. Calculate a(n).
6
Suppose -2*j - 2*j = -2*l - 52, 0 = -2*j - 2*l + 14. Let t(x) = -x - j*x**3 + 9*x**3 - 3*x**3 + 2*x**2. Calculate t(1).
-4
Let v(b) = -b**3 - 8*b**2 - 5*b + 7. Suppose 1 + 63 = 4*x. Suppose -4*d = -5*y + x, y + 6 = 2. Let m(z) = -z**3 - 8*z**2 + 9*z - 7. Let k be m(d). What is v(k)?
-7
Let r = 12 - 7. Suppose 2 - r = -3*a. Let h(v) = 0*v + 13 - v - 34 + 22 + v**3. What is h(a)?
1
Suppose 16*v = 297 + 71. Let c(w) = -3 + 24*w - 11 - 10 + v. Determine c(1).
23
Suppose 0 = -12*b + 68 + 4. Let n(p) = 2*p - 1. Determine n(b).
11
Let c(s) = -s + 1. Let v = 79 + -73. Calculate c(v).
-5
Let i(w) = -w + w - w + 0. Let p be 7/(-8) - 11/88. Let l(x) = 8*x + 3. Let v be l(p). What is i(v)?
5
Suppose -2*f + 11 = 3*f + 2*s, 3*s = -2*f. Let l(g) = g**3 + 102*g**2 + f - 4 - 100*g**2. Calculate l(1).
2
Suppose -15 = -4*g + 1. Let y(s) = -2*s. Let t be y(-2). Let v(o) = -3 - 5 - o**3 + 5*o**2 + 9 - t*o. Calculate v(g).
1
Let b(l) = -4. Let c(p) = 4*p - 8. Let g(u) = -7*b(u) + 4*c(u). Give g(3).
44
Let w(o) be the third derivative of -o**6/60 + o**5/60 + o**4/8 - o**3/3 + 69*o**2. Calculate w(2).
-8
Let g(d) = d - 13. Let y = -7 - -17. Let m be g(y). Let k(u) = -3*u**2 + 6 - 2 - u**3 - 3 + 3*u. What is k(m)?
-8
Let m(t) = t**3 + 7*t**2 + 12*t + 42. Let a be m(-6). Let f(w) = -3*w + 6. Give f(a).
-12
Let i be (-1)/((-2)/(-2)*-1). Let j(g) = -6*g - i + 11*g - g**2 + g + 5. What is j(7)?
-3
Let y(g) = g**2 - 2*g + 2. Suppose -47*c + 100 = 6. Give y(c).
2
Let i(c) = c**3 + 4*c**2 + 3*c. Let g be i(-3). Let o(j) = 3*j + 3 - 4*j**2 + 2*j**2 - 1 + g*j. Determine o(-2).
-12
Let s = -8 - -10. Let d(q) = s - 1 - 3 + 10*q**2 - 2*q + 3. Calculate d(1).
9
Let f(i) = i - 2. Let j be f(4). Let s(q) = -6 - q**j - 6*q + 2*q - 1 + 2*q**2. Let k(n) = -n + 29. Let m be k(23). Determine s(m).
5
Let c(y) = 4 - 6*y + 2*y**3 + 138*y**2 + 52*y**2 - 195*y**2 - y**3. Suppose 0 = 2*w - 16 + 6. Let i(m) = m + 1. Let h be i(w). Determine c(h).
4
Let t(r) be the second derivative of -r**4/12 + 8*r**3/3 - 7*r**2/2 + 3*r + 32. Determine t(15).
8
Let u(a) = a**2 + 4*a - 1. Let c(n) = -6*n**2 + 1. Let p be c(1). Calculate u(p).
4
Let c(m) = m**2 + m - 5. Let b(f) = -f**3 - 10*f**2 + 38*f - 11. Let s be b(-13). Calculate c(s).
1
Suppose 9*w + 46 = 100. Let q(v) = 3*v - v - 3*v - 6. Give q(w).
-12
Let z(g) = -g**3 - 7*g**2 - 2*g - 7. Let o(v) = -31*v + 25. Let m be o(1). Give z(m).
-31
Let u(q) = -23 + 196*q - 86*q - 106*q. What is u(13)?
29
Let k(n) = 2*n - 24. Let d(z) be the second derivative of -z**3/6 + 4*z**2 + 3*z. Let c(v) = 7*d(v) + 2*k(v). Calculate c(6).
-10
Let t = -526 + 523. Let k(c) be the third derivative of -c**4/6 - c**3/3 - 2*c**2. Give k(t).
10
Let j(a) = 86*a - 87*a - 18 + 27. What is j(-6)?
15
Let c(y) be the second derivative of y**6/24 + y**5/30 - y**3/6 - 4*y**2 - y. Let d(p) be the first derivative of c(p). Determine d(-1).
-4
Suppose -1 = 4*c - 13. Let b(n) = 6 - n**c + 8 - 13 + n. Determine b(-2).
7
Suppose -5*i + 14 = 2*t, -3*t + 1 = -4*i + 3. Let q(s) = 4*s**t - 6*s**2 + 10 - 7*s**2 - 7*s - s**3. Determine q(-8).
2
Let z(d) be the first derivative of 2*d**2 - 9 - 2*d - 2/3*d**3. Give z(2).
-2
Suppose o = -3*o. Let m be 4/(5 + (-3 - o)). Suppose 0 = 2*y - 0*r + 2*r + 4, -m*r = 4*y. Let x(w) = w**3 - 2*w**2 + 4*w - 2. Give x(y).
6
Let g(s) = 2*s**2 - 5*s + 3. Let f = -1031 - -1036. Give g(f).
28
Let n(h) be the third derivative of h**8/20160 + h**7/5040 + h**5/30 + h**2. Let a(s) be the third derivative of n(s). Let l = -372 + 374. Determine a(l).
6
Let z(u) = u**2 + 16*u + 8. Let y = -27 - -12. Let x be z(y). Let r(f) = -f**3 - 8*f**2 - 7*f - 3. Calculate r(x).
-3
Let g(n) = n**2 - 2*n - 4. Let h(c) = 2*c**3 + 117*c**2 + 62*c + 236. Let m be h(-58). Calculate g(m).
4
Let f(n) = 1 + 3*n + 2 - n. Suppose 25*k - 208 = -28*k + 4. Calculate f(k).
11
Let z(m) = m + 10. Let k be (6*-2)/(-4)*3. Let l(g) = -4*g - g + k - 22 + 4*g. Let w be l(-6). Determine z(w).
3
Let d(g) = -48*g - 50*g + 97*g + 3. What is d(8)?
-5
Let a(h) = h**2 - 4*h. Let q be -3 + (-2 + 11 - 3). Suppose -q = -n - 0. Determine a(n).
-3
Let j(w) = -7*w**2 - 5*w - 4. Let g(l) = -11*l**2 - 8*l - 7. Let c(z) = -5*g(z) + 8*j(z). Calculate c(3).
-6
Let w(n) be the third derivative of -n**6/720 - n**5/40 + n**4/3 + 38*n**2. Let s(o) be the second derivative of w(o). What is s(-10)?
7
Let s(j) be the first derivative of j**3/3 - 17*j**2/2 + 20*j + 13. Let r be s(16). Let h(c) = -c. What is h(r)?
-4
Let k(z) be the third derivative of -1/60*z**5 - 1/24*z**4 - 8*z**2 + 0*z + 0 + 7/3*z**3. Let l(r) = r**2 - r. Let j be l(0). Give k(j).
14
Let u = -5 + 12. Let d(m) = 5*m**3 + 5*m**2 - 28*m + 17. Let z(b) = -2*b**3 - 3*b**2 + 11*b - 8. Let i(o) = 3*d(o) + 7*z(o). Determine i(u).
-5
Let o(a) = -a**2 + 16*a - 6. Let z be o(15). Let w(m) = -6*m + 1 + 2*m + z*m + m. Calculate w(3).
19
Let f(o) = o**3 + 7*o**2 + 7*o + 1. Let m(c) = -c - 4. Let v be m(-10). Let x be (v/4 - 1)/(12/(-144)). Give f(x).
-5
Suppose 2*x = -4*x + 72. Let w be -6*(-3)/x*2. Let s = w - 6. Let c(g) = -2*g**2 - 2*g + 2. Give c(s).
-10
Let h(j) = -j**3 + j**2 - 3*j + 9. Let x = -2 + 0. Let l(u) = -5*u**3 + 5*u**2 - 16*u + 44. Let b(d) = x*l(d) + 11*h(d). Determine b(0).
11
Let m(h) = h + 4. Let y(t) = -t - 4. Suppose 2*r - 4*c + 22 = -3*r, -4*c = 8. Let g(z) = r*m(z) - 5*y(z). Suppose -12*x + 18 = -15*x. Determine g(x).
2
Let x(t) be the first derivative of -t**4/4 - 2*t**3 - 5*t**2/2 + 2*t - 105. Determine x(-5).
2
Let s(p) be the first derivative of -p**3/3 + p - 1. Let j = 129 + -115. Let f be 7/(-28) - j/8. Calculate s(f).
-3
Let l(d) = d - 1. Let u be l(6). Let j be (12/u)/((-69)/230). Let x(v) = v**2 + 5*v - 8. Give x(j).
16
Suppose -84 = -2*v - 4*v. Suppose 18*r = v*r. Let b(i) = i**2 - i + 12. What is b(r)?
12
Let c(g) = 2*g**2 + 2*g + 3. Let d(o) = o**3 - 9*o**2 - 7*o - 2. Let y(a) = c(a) + d(a). Determine y(5).
-74
Let j(p) = 2*p**2 - 3. Let h(m) = -7*m**2 + 3*m + 11. Let a(b) = h(b) + 4*j(b). Let o = 6 - 9. What is a(o)?
-1
Suppose z + 5 = -4*w, 3*z = 5*z - 5*w - 3. Let p(n) = -7*n**2 + 1. What is p(z)?
-6
Let z be 5/2*108/45. Let b = -8 + z. Let h(o) = -o**3 - 2*o**2 - 4*o - 3. Give h(b).
5
Let t(j) = -j**2 + 9*j - 6. Let l be 24/(-28)*42/(-4). What is t(l)?
-6
Let z be -1 + 2 - (7 + -5). Let f(r) = -r**2 - r. Calculate f(z).
0
Suppose -103 = 13*t + 53. Let w(p) = -2*p - 23. Determine w(t).
1
Let y(w) = -9*w + 6. Let z(u) = -5*u + 4. Let b(d) = -6*y(d) + 11*z(d). Calculate b(6).
2
Let h(y) = 9*y**3 - 1. Suppose -4*o - 28 + 32 = 0. Determine h(o).
8
Let a(y) = y**3 + 5*y**2 + 4*y + 2. Let w be 68/18 - (-10)/45. Let f be 9*(w/6 - 1). What is a(f)?
8
Let t be (-1 + -1)*54/12. Let n(l) = -l**2 - 8*l + 5. What is n(t)?
-4
Let l = 102 - 97. Let t(o) be the third derivative of 0 + 1/24*o**4 + l*o**2 + 0*o - 5/6*o**3. Give t(6).
1
Suppose 4*d + 112 = 336. Let l = d - 59. Let j(f) = -2*f - 3. Determine j(l).
3
Let o(z) = z**3 - 2*z**2 + 5*z - 4. Suppose -5*y + 5 = 5*l, 0 = 2*l - 5*y - 36 + 20. What is o(l)?
20
Let c(t) = t**2 - 4*t - 1. Let o be (-1120)/(-56) - ((-2)/(-2) + -1). Let v be 15/o*(6 + -2). Calculate c(v).
-4
Suppose -3*f + 5 = 26. Let w = -1 - f. Let l(i) = i**3 - 5*i**2 - 5*i - 3. Calculate l(w).
3
Let l(x) = 5*x + 6. Let w(m) = 2*m + 2. Let j(o) = 4*l(o) - 12*w(o). What is j(-5)?
20
Let p(w) = -2*w + 5. Let i(u) = 1. Let q(y) = 4*i(y) - p(y). Let o(d) = -d - 2. Let t be (-2)/2 - (-6 + 5). Let k be o(t). Calculate q(k).
-5
Let z(w) = -3 + 9 + 1 + w + 0*w. Suppose 3*y + 140 - 128 = 0. Give z(y).
3
Let x(m) = m**3 - 2*m**2 - 2*m + 2. Let w = -80 - -89. Suppose 0 = -10*f + w*f + 2. Determine x(f).
-2
Let f = 12 + -24. Let c be (f/3 - 2)/(-2). Let n(s) = -2*s. What is n(c)?
-6
Let y = -40 - -25. Let o = 